w) = -3*w**3 + w**2 - 2*w + 1. Let z = 4 + -3. Let t be o(z). Let r(n) be the second derivative of -n**4/12 - n**3/2 - n**2/2 + n. Give r(t).
-1
Suppose -3 = 108*m - 111*m. Let y(j) = 6*j. Calculate y(m).
6
Let w be 2 - (2 - (-6)/1). Let i(m) = -m**2. Let z(r) = 7*r**2 - r - 9. Let v(n) = w*i(n) - z(n). Determine v(0).
9
Let i(s) = 8*s**2 - 4*s + 10. Let a(u) = -u**2 - 1. Let m(r) = -r**3. Let g be m(-1). Let f(o) = g*i(o) + 12*a(o). Calculate f(-2).
-10
Let z(q) = -6*q + q**2 - 4*q + 14*q - q - 5. Determine z(-6).
13
Let k(v) be the third derivative of -v**6/120 - v**5/20 - v**4/12 + v**3/3 + v**2. Suppose -12*d = 17*d + 87. Calculate k(d).
8
Let y(q) be the first derivative of q**3/3 + 3*q**2 - 6*q + 6. Give y(-6).
-6
Let c(u) be the second derivative of u**3/6 + 19*u**2/2 + u + 12. Determine c(0).
19
Let u(l) be the second derivative of l**3/6 - 9*l**2/2 - 2*l. Suppose 0 = x - 0*x - 1. Let z = x - -4. What is u(z)?
-4
Suppose 5*y + 0*y - 10 = -5*m, 5*m = 0. Let c = 7 + -3. Let g(f) = c - 2*f**3 - 2 + f**3 + f**2 - f. Determine g(y).
-4
Let x(k) = k**2 + k - 1. Let w(j) = 2*j**2 + 4*j - 4. Let b(a) = -14*a - 1. Let m be b(-1). Suppose 5*u + m = -7. Let q(p) = u*x(p) + w(p). Calculate q(1).
-2
Let q(r) be the second derivative of r**4/12 - r**3/2 - 3*r**2/2 - 6*r. Give q(5).
7
Let d(a) = 3*a + 1. Let t(m) = -m**3 - 6*m**2 + 1. Let c be t(-6). Determine d(c).
4
Let z be (-2)/5 + (-27)/45. Let o(x) = -7*x**3 - 2*x**2 - x. What is o(z)?
6
Let f(t) be the third derivative of -t**6/144 - t**5/120 + t**4/4 + t**2. Let u(w) be the second derivative of f(w). Give u(-1).
4
Suppose -3*z = j - 18, -22 = j + z - 6*z. Let g(c) = j*c - 5*c + 1 + 3*c. What is g(-6)?
-5
Let r(f) = -f**3 - 7*f**2 - 8*f - 2. Let c be r(-6). Let x(u) = -u + c + 4 - 11. Determine x(-4).
7
Let a(k) = -5*k**2 + 8*k + 2. Let d(p) = -p**2 + p. Let b(r) = -a(r) + 4*d(r). Let f = -8 + 13. Calculate b(f).
3
Let f be (-6)/9*(-6 + 3). Suppose -f*k - 3*k + 10 = 0. Let g(u) = k*u - 2*u**2 + 4 + u + 2*u. What is g(4)?
-8
Let v(g) = -g + 22. Let w be v(18). Let d(b) = -b**3 + 4*b**2 + b - 4. Determine d(w).
0
Let n be 46/10 + (-6)/(-15). Let a(w) = w**2 - 4*w - 7. Calculate a(n).
-2
Suppose 20 = 6*c + 50. Let g(l) = 6*l + 3. Let s(y) = y**2 - y. Let r(t) = -g(t) - s(t). What is r(c)?
-3
Suppose 2*g - 17 = 3*f, -4*f = 4*g - 5 + 1. Let y = 7 + f. Let m(x) = 4*x**2 - y*x**2 - x + 2*x**2. What is m(1)?
1
Suppose w - 6*w - b + 48 = 0, 3*w = 5*b + 12. Let g be 12/w*(-6)/(-4). Let p(i) be the first derivative of i**3/3 + i - 1. What is p(g)?
5
Let x(k) be the third derivative of -k**3/6 + 4*k**2. Let g(d) = -7*d - 4. Let h(l) = -g(l) + 3*x(l). Give h(-1).
-6
Let d(l) = 2*l**3 + 2*l**2 - 2*l. Suppose 0 = -k + 5*k + 8. Determine d(k).
-4
Suppose 3*v = -20 + 5. Let z(x) be the first derivative of -x**4/4 - 2*x**3 - 7*x**2/2 - 3*x + 2. Determine z(v).
7
Let n(h) = -h**2 - 1. Suppose 45 = 5*u - 0. Let k(c) = 4 - 4*c + u*c**2 + 7*c - 5*c + 0. Let x(t) = -k(t) - 3*n(t). What is x(1)?
-5
Let y(h) = -h**3 + 7*h**2 + h + 1. Let w(k) = k**3 - k**2 + k + 1. Let a(g) = -2*w(g) - y(g). Determine a(-4).
-7
Let w(k) = -k - 2. Let a be 2/8 - (-2)/(-8). Let z = 2 - a. Let f be z - (0/(-2))/(-1). Calculate w(f).
-4
Let f(o) = 10*o - 1. Let t(x) = -21*x + 3. Let u(c) = -5*f(c) - 2*t(c). Let v be 0 + (4 + -2)/2. Give u(v).
-9
Let z(c) be the first derivative of c**4/4 + c**3/3 - 4*c - 5. Suppose 3*y - 4*y = 0. Calculate z(y).
-4
Let o(w) = -w**3 - 5*w**2 - 2*w + 2. Let s = -16 - -12. Determine o(s).
-6
Let p(t) = -t + 9. Let g be p(13). Let u(c) = c**3 + 5*c**2 - 2. What is u(g)?
14
Let g(u) be the second derivative of u**3 - 5*u + 1/12*u**4 + u**2 + 0. Determine g(-5).
-3
Let f(j) be the first derivative of -j**3 + 1/120*j**5 - 1/12*j**4 + 0*j - 3 + 0*j**2. Let h(t) be the third derivative of f(t). What is h(2)?
0
Let q(r) be the second derivative of r**4/12 - r**3 - 2*r**2 + 3*r. Suppose -6*y + y + 30 = 0. Give q(y).
-4
Let n(w) = 2*w**2 - 4*w - 7. Let l(z) = 3*z**2 - 9*z - 13. Let y(r) = -3*l(r) + 5*n(r). Let g = 4 + -1. Suppose -h + 6 = -g*h. Give y(h).
-8
Let f(x) = -2 + 4*x + 0 - 5*x. Suppose -p = 3 - 1. Give f(p).
0
Let i = -11 - -11. Let n(v) = -v + 2*v + 4 - 1. Calculate n(i).
3
Let u = -6 + 11. Suppose -45 = u*i - 5*c, 4*c - c - 7 = -i. Let w(p) = -p**3 - 4*p**2 + p - 7. Give w(i).
13
Let x(k) = -k**3 - 14*k**2 + 2. Let z be x(-14). Let j(r) = r - 3. Let p(h) = -1. Let l(t) = z*j(t) - 9*p(t). Give l(3).
9
Suppose -8*d - 16 = -3*d - 4*t, -5*d - 23 = 3*t. Let u(l) be the third derivative of 0*l**3 + 2*l**2 + 1/24*l**4 + 0 + 0*l. Calculate u(d).
-4
Let y be 2/(-9) + 102/(-27). Let b(q) be the third derivative of -q**6/120 - q**5/12 - q**4/8 + q**3/2 - q**2. Determine b(y).
-1
Let s(k) = k + 11. Let y = -13 + 6. Determine s(y).
4
Let y = -5 - -7. Let n(l) = l - 10*l**y - 1 + 0*l**2 + 0. What is n(1)?
-10
Let q = -3 - -3. Let o(n) = 2*n + 0*n - 4 + q*n + 3. Give o(5).
9
Let p(m) be the first derivative of m**2/2 - 6*m + 1. Give p(0).
-6
Let u(x) = -20*x**3 + 11*x**2 - 8*x - 14. Let n(k) = 7*k**3 - 4*k**2 + 3*k + 5. Let a(q) = 17*n(q) + 6*u(q). What is a(-3)?
1
Suppose 12 = -5*u + 32. Let j(h) = h - u*h - 1 + h. Let l = 10 + -8. Calculate j(l).
-5
Let m(s) = -2*s**2 - s + 1. Suppose -4*k + 0*k + 12 = 0. Let h(w) = -w - 3 + k. Let n be h(2). Give m(n).
-5
Suppose 2*r - 1 = 11. Let s be (32/12)/(r/(-9)). Let a(o) = o**2 - 2. Calculate a(s).
14
Suppose 7*v - 1 = 8*v. Let f(s) = 7*s**2 - 1. Calculate f(v).
6
Suppose -2*j - 2 = -g, -5*j + 2 = -4*g + 10. Let f(t) = t**2 + t + 0*t**2 - 5*t - g. Let z be 1 - (-1 + 3) - (-7 + 1). Give f(z).
3
Let u(c) = -c**2 + 6*c + 1. Let j be u(3). Let g be j/(-4)*(0 - -2). Let v(d) = -9 - d**3 - 2 - 5*d**2 - d + 12. What is v(g)?
6
Let k = -97 - -96. Let g(u) = 24*u + 1. Give g(k).
-23
Let t = -2 + 5. Suppose -p - 6 = -t*p. Let x(i) = -i + 4. Let l be x(p). Let o(y) = -3*y**2 - y. Give o(l).
-4
Let o(d) = -d**2 + 3*d. Let i be 15/8 + 1/8. Suppose 3*w = -i*g, -g + w = -0*w - 5. Calculate o(g).
0
Let p(d) = -d**2 + 9*d + 14. Let o be p(10). Suppose 4*h - 4 - o = 0. Let a(b) = b**2 + b - 1. Calculate a(h).
5
Let c(k) = -k + 1. Let h be c(-3). Let r(d) = -2*d**2 + 2*d + 2*d**2 + 2 + 0*d**2 - d**2. What is r(h)?
-6
Let p = -1 + 4. Let a(i) = 6*i**2 + i + 6 + 0*i**p + i**3 + 5*i. Let l = 6 - 11. Give a(l).
1
Let u(w) = w**3 - 2*w + 1. Let d(t) = t**3 + 12*t**2 - 15*t - 25. Let j be d(-13). Calculate u(j).
0
Let m(w) be the third derivative of -w**6/120 + w**5/12 + w**4/6 + 7*w**3/6 + w**2. What is m(6)?
-5
Let i(p) = -p**2 + 9*p - 12. Let x be i(8). Suppose -4*l + 15 = -3*u, -2*l + 2 = -4*u - 8. Let j(k) = 2 - 4*k + l*k + 2*k. Determine j(x).
-2
Let q be 4 + (-1 - (3 + -3)). Suppose q*r + r + 4 = 0. Let j(w) = 10*w**2 + 2*w + 1. What is j(r)?
9
Let t(y) = -y**3 - 8*y**2 - 8*y - 2. Let u be t(-7). Let a(b) = -8*b - 6 + 1 + 4 + u*b. Give a(-3).
8
Let z be (4/10)/(10/(-150)). Let c(b) = 4*b. Let g(w) = -5*w + 4. Let t(n) = -5*n + 3. Let l(o) = -4*g(o) + 5*t(o). Let v(i) = z*l(i) - 7*c(i). Give v(-5).
-4
Let p = -66 - -71. Let d(u) = u**2 - 3*u - 2. Determine d(p).
8
Let w = 72 + -75. Let v(s) = 3*s + 4. Calculate v(w).
-5
Suppose 3*i + 15 = -3*x, -2*i = 2*x + i + 10. Let k(v) = v + 7. What is k(x)?
2
Let x(z) = 5*z - 195. Let l be x(40). Let j(h) be the first derivative of -h**4/4 + 4*h**3/3 + 3*h**2 - 7*h - 1. Calculate j(l).
-2
Let r(u) = 5*u**3 - u. Let n be r(-1). Let p(o) be the first derivative of o**3/3 + 3*o**2/2 + 5*o - 3. Give p(n).
9
Suppose 4*r + 3 = 7. Let s(h) = -4080 + 7*h + 4080. Calculate s(r).
7
Let t(q) = q**3 - 11*q**2 - 4*q - 13. Let m be t(12). Let f(s) = m - 86 + 4*s - 3*s. Calculate f(4).
1
Let j(c) = 5*c - 6*c + 5 + 0 - 17. What is j(-7)?
-5
Let r(w) = w**3 + w**2 - w + 7. Let m(s) = -1. Let l(n) = -6*m(n) - r(n). What is l(-2)?
1
Suppose -60 = -5*i + 4*k, 4*i = -k - 19 + 67. Let v = 14 - i. Let a(c) be the second derivative of c**5/20 - c**4/6 - c**3/6 + c**2/2 - c. Determine a(v).
-1
Let n(t) be the second derivative of -t**2 + 1/6*t**3 + 0 - 3*t + 1/12*t**4. Calculate n(-2).
0
Let n(j) = -j + 9. Let b = 24 + -16. Give n(b).
1
Let f(u) = -u + 2. Suppose n + 4 = s, 0*n - 2*n - 5*s - 1 = 0. Let l = n + -3. Give f(l).
8
Let o(w) be the first derivative of w**3/3 - 4*